e second derivative of x**4/6 + 2*x**3/3 + 2*x**2 + 75*x. Give t(-4).
20
Let d(h) = -h**2 - 11*h - 7. Suppose -11 = 2*k - 5*f - 0*f, 29 = -4*k + 3*f. Calculate d(k).
17
Let c(i) = -i**3 + 3*i**2 + i - 1. Let m(h) = 17*h + 4. Let d be m(0). Determine c(d).
-13
Let n(r) = 8*r**2 - r + 2. Let l = -749 - -750. Determine n(l).
9
Let m be (-110)/(-50) + (-1)/5. Suppose 0*y + 3 = -3*y + 3*c, -3*y + m*c - 8 = 0. Let z(q) = 5*q - 3*q**2 + 2*q**2 + 2*q**2 - 2. Calculate z(y).
4
Suppose 0 = -6*p - 10*p + 32. Let w(v) = 4*v - 4. Determine w(p).
4
Let i = -159 - -162. Let f(c) be the first derivative of -3*c**2 - 4*c + 1/3*c**i - 4. What is f(6)?
-4
Let n(j) = j - 22. Let w be n(17). Let x(v) be the second derivative of v**4/12 + 5*v**3/6 - 3*v**2 + 17*v. Calculate x(w).
-6
Let u(m) = m**2 + 11*m - 6. Let v(y) = -6*y**2 - 56*y + 30. Let z(c) = 11*u(c) + 2*v(c). Determine z(9).
-6
Let f(q) = q**3 + 3*q**2 - 6*q - 2. Let x be -1 - (4 + -33) - -2. Let p = x + -34. Calculate f(p).
6
Suppose 0 = y + 2*y - 12. Suppose 0 = -2*c + 2*r + 8 - 2, 4 = y*c + 4*r. Let b(l) = 0*l**2 + 0 + 1 + 0*l**2 + c*l**3 - 2*l**2. Determine b(2).
9
Let o(l) = -9*l**2 + 2*l - 2. Let p = -741 - -742. What is o(p)?
-9
Suppose 492*t = 497*t - 20. Let r(v) be the second derivative of 6*v - 5/6*v**3 + 0 + 1/12*v**t - 5/2*v**2. What is r(5)?
-5
Let k(y) = y**3 + 3*y**2 - y - 3. Let u = 72 - 75. Give k(u).
0
Let v(n) be the first derivative of n**2/2 + 3*n - 3. Let p(j) = -j - 2. Let q(k) = 4*p(k) + 3*v(k). Let u be (4/(-3))/2 - 119/(-21). Determine q(u).
-4
Let j = 448 - 444. Let d(p) be the third derivative of p**5/20 - 5*p**4/24 - p**3/3 - 2*p**2. Determine d(j).
26
Let s(g) = -g**3 + 25*g**2 - 22*g - 41. Let m be s(24). Let b(q) = 23*q + 5 + q**3 - 38*q + 22*q - 1 + m*q**2. Calculate b(-6).
-2
Let o(t) = -t + 1. Let n be o(-9). Let r = n - 6. Let w(k) = r*k + k**2 + 10 - 3*k - 6. Determine w(0).
4
Suppose 5*t - 55 = 2*q, -3*q - 23 = -2*t - 2*q. Let o(c) = -5*c - 4*c**2 + 10*c + t*c**2 - 4*c**2 - 9. Calculate o(-7).
5
Let z(a) = 2*a**2 + 2*a - 6 + 19 - 14 - 4*a**2. Determine z(1).
-1
Let s(k) = -k**3 - k. Suppose 0 = -21*d + 23*d - 4. What is s(d)?
-10
Let n be 264/64 - 1/8. Suppose -a - 3*x - n = 4*a, 4*x - 10 = a. Let v(r) be the second derivative of -r**5/10 - r**4/6 - r**3/6 - r**2 - 2*r. Calculate v(a).
8
Suppose 3*l - 2*u - 1 = -6, 4*l + 5*u = 1. Let x(a) = -30*a**2. Calculate x(l).
-30
Let c(l) = l**2 - l - 31. Let w be c(6). Let d be (-2)/(-3)*3 - 0. Let k(s) = -6*s**3 + 3*s**3 - d*s**3 + 1 + 2*s. Calculate k(w).
4
Let s(k) = -28*k**2 + 4*k + 4. Let c(m) = -7*m**2 + m + 1. Let d(a) = -9*c(a) + 2*s(a). Suppose -1 = -2*l + 3. Let y be -2*1/l*1. Give d(y).
7
Let o(q) = 3 + 4*q**2 + 17*q + 2 - q**2 - q**2. Let r(i) = 3*i + 4*i**2 + 1 - i**2 + 23*i + 7. Let x(d) = 8*o(d) - 5*r(d). Determine x(-5).
-5
Let s(n) = -135 - 3*n**2 - 135 + 262 - 9*n + n**2. What is s(-5)?
-13
Let l(c) = c + 3. Let i be (-2)/7 - (-663)/91. Suppose 7 + i = -7*a. Determine l(a).
1
Let g(q) = -q**2 - 1. Let o(v) = -4*v - 13. Let j(i) = 2*g(i) - o(i). Let z(u) be the first derivative of j(u). Determine z(4).
-12
Let m(b) = b**3 + 7*b**2 - 2*b - 7. Let o(w) = -w**3 - 8*w**2 + w + 7. Let n(x) = 4*m(x) + 3*o(x). Determine n(-5).
-7
Let q(g) = 2*g**3 - 3*g**2 - 2*g. Suppose 72*t + 40 = 67*t. Let r be t/6*3/2. What is q(r)?
-24
Let y(o) = o**3 - 2*o**2 - 3*o + 3. Let i be y(3). Let t(r) = 29*r - 9. Let w(z) = 80*z - 25. Let n(c) = -11*t(c) + 4*w(c). Calculate n(i).
2
Let o(w) = -61*w - 2. Let d(m) = -85*m - 2. Let x(p) = 2*d(p) - 3*o(p). Let a(y) = -y**3 + y**2 + 2. Let i be a(2). Determine x(i).
-24
Suppose s = 2*s + 22. Let u = -23 - s. Let o be (4 - 7 - -7)*u. Let r(b) = b**2 + 3*b + 1. What is r(o)?
5
Let s(f) = 4*f**3 - 2*f**2 + 2*f + 7. Let m(a) = -21*a**3 + 13*a**2 - 9*a - 37. Let p(d) = 2*m(d) + 11*s(d). Determine p(-3).
-27
Let m be (15/(-20))/(-3) + 12/16. Let t(f) = 23*f**2. Give t(m).
23
Let g(m) = -m**3 - 5*m**2 + 2. Let a(b) = 4 - 2*b**3 - 3*b + b**3 + 3*b**2 + 0*b**2. Let u be (21/14)/3*6. Let x be a(u). What is g(x)?
2
Let y(j) = -j**3 + 5*j**2 + 5*j - 6. Suppose 9*v - 16 - 29 = 0. Give y(v).
19
Let m(j) = -3*j**2 + 8*j + 1. Let b(t) = 2*t + 4 - 7*t - 16*t**2 + 46*t. Let z(y) = -2*b(y) + 11*m(y). Determine z(5).
8
Let q(f) = f**3 - 5*f**2 + 3*f - 1. Let m = -63 - -90. Let p = 30 - m. Give q(p).
-10
Let t(p) = p + 3. Suppose 2*f + 5*i - 2*i = -57, 5*i = 4*f + 125. Let q = f - -27. What is t(q)?
0
Let c(w) be the first derivative of 1/3*w**3 - 8 + 2*w + 2*w**2. What is c(-3)?
-1
Let r(n) = -2*n + 4. Suppose -11*v = -47 - 41. Determine r(v).
-12
Let j(c) be the third derivative of 2*c**2 - 1/24*c**4 + 2*c**3 + 0*c + 10. What is j(0)?
12
Let w(f) = -f**2 - f + 1. Let x(k) = -k**3 - 7*k**2 + 7*k - 4. Let y be x(-8). Suppose -y*a + 10 = -2. Determine w(a).
-11
Let w(k) = 8*k - 165*k**2 - 175*k**2 - 172*k**2 + 513*k**2 + 2. Let v be 3 - 3 - (1 + 6). Determine w(v).
-5
Let s be 31/(-11) - -3 - (-150)/22. Let i(b) = -s*b - b + 4 - 4*b + 11*b. Give i(8).
-4
Let r(d) = d**3 - 5*d**2 - 2*d - 7. Let o = -12 + 18. Give r(o).
17
Let z(s) = 2*s - 3. Let d be z(4). Suppose -14 = -w - 4*k + 3, -d*w + 5*k = 15. Let q(y) = -3*y + y**3 + 0*y + 3*y. What is q(w)?
1
Let g(k) = -k**2 + 4*k + 6. Let s be (-2 + 4)*(0 - -3). What is g(s)?
-6
Let h = 6 + -4. Let v be 0/((h - 3)*-2). Let i(s) be the second derivative of -s**4/12 - 5*s**2/2 + 4*s. Calculate i(v).
-5
Let c(v) = v + 13. Let r(w) = w - 15. Let z be r(7). Let d = 8 + z. Give c(d).
13
Let l(f) be the second derivative of -f**4/6 + f**3/6 + 9*f**2/2 + f + 27. Let q(u) be the first derivative of l(u). Calculate q(-1).
5
Let s(m) = -20*m. Let p be 192/(-320) - (-8)/5. What is s(p)?
-20
Let q = 8 + -3. Suppose q*t - a = -16, 2*t - a = -1 - 6. Let w(i) = -i**2 + i. Determine w(t).
-12
Let x(u) be the second derivative of 3/2*u**2 + 0 + 10*u + 1/6*u**4 + 0*u**3 - 1/20*u**5. Calculate x(3).
-6
Let f = 82 - 82. Suppose f = 2*k + 8 + 6. Let r(a) = -2*a - 7. What is r(k)?
7
Let c(w) = -w**3 - 4*w**2 + 3*w - 7. Let k = -21 + -8. Let f = k + 24. Determine c(f).
3
Let m = -6 + 11. Suppose -t = -2*o + 13, t - 22 = -m*o - 0*t. Let x(i) be the second derivative of i**5/20 - i**4/2 + 7*i**3/6 - 3*i**2 + 269*i. Determine x(o).
4
Let a(x) = 2*x**2 + 2*x - 2. Let g be (-8)/4*(-15)/6. Suppose -2*c + g*u = 3*c, 0 = -2*u - 6. Give a(c).
10
Let g(f) = -f**2 - 5*f - 1. Let b be (-6)/(-3)*2/(-2). Determine g(b).
5
Suppose -3*f - 15 + 6 = 0. Suppose 3 - 15 = -3*s. Let i(c) = -4 + 0*c + c + c**2 - s + 5. Give i(f).
3
Let g be 1 + 3/3*-7. Suppose -7*r + 2*r = 0. Let o(q) = 19 - 5 + r*q + q. Determine o(g).
8
Let x(k) = 18*k**2 - 6*k - 7. Let r = 44 - 50. Let z(s) = -17*s**2 + 5*s + 6. Let t(w) = r*z(w) - 5*x(w). Give t(1).
11
Let h(g) = 13*g**2 + 10*g + 7. Let j(m) = 9*m**2 + 11*m + 7. Let t(w) = -2*h(w) + 3*j(w). Give t(-13).
7
Let a(x) = 7*x**3 + 7*x**2 + x + 6. Let b(u) = 6*u**3 + 6*u**2 + u + 5. Let w(f) = -4*a(f) + 5*b(f). What is w(2)?
27
Let m(c) = 2 + c**2 - 5 - c**3 - 2*c**2 + 0*c**2 + 5*c**2 + 3*c. Give m(6).
-57
Let u(c) = 27*c**2 - 9*c + 7. Let z(j) = 14*j**2 - 4*j + 3. Suppose 0 = -q + 15*q + 28. Let m(t) = q*u(t) + 5*z(t). Suppose 4*h + 3 - 7 = 0. Determine m(h).
15
Let z = 14 + -11. Let h(g) = -70*g**z + 4*g + 71*g**3 + 2 + 6 - 7*g**2. Let w = -6 + 12. What is h(w)?
-4
Let t = -65 + 54. Let b(n) = -2*n - 12. Let v(r) = 6*r + 35. Let l(x) = t*b(x) - 4*v(x). Calculate l(-7).
6
Let y(t) be the third derivative of -t**6/120 + t**5/10 - 7*t**4/24 + 7*t**3/6 + 5*t**2. Determine y(5).
-3
Suppose -25*y + 49*y - 120 = 0. Let o(g) = -g**2 - g + 2. What is o(y)?
-28
Let x(d) = 4*d**2 + d - 4. Let z(l) = 5*l**2 + l - 4. Let q(v) = -4*x(v) + 3*z(v). Suppose -2*g - 10 = -2*n, -3*n + 2 = 2*g + 7. What is q(g)?
-8
Suppose -10*p + 12 = -4*p. Let k(q) = 5*q**2 - 3*q. Give k(p).
14
Let r(l) = -11*l**3 - l**2 - 4*l + 32. Let m(g) = -6*g**3 - 2*g + 18. Let k(d) = -7*m(d) + 4*r(d). Determine k(-2).
6
Let d(x) = 5*x**2 + 6*x. Let t(c) = -9*c**2 - 11*c - 1. Let z(r) = -7*d(r) - 4*t(r). Calculate z(-4).
12
Let t = -141 - -226. Let n(h) = -t*h - 4 - h**2 + 92*h + 0. Determine n(6).
2
Let w(c) be the first derivative of -c**2/2 + 4*c - 336. What is w(4)?
0
Suppose -4*m + 22 = -6. Let g(j) be the third deri